s 30531 a prime number?
False
Is 224311 composite?
True
Is 204407 a prime number?
False
Is 96865 composite?
True
Is 318485 a prime number?
False
Is 2747 composite?
True
Is 225491 a composite number?
True
Is 79295 a prime number?
False
Is 27655 prime?
False
Is 98053 a composite number?
True
Is 442691 composite?
False
Is 21269 prime?
True
Is 217 a composite number?
True
Is 183601 a prime number?
False
Is 46573 a composite number?
False
Is 64667 a composite number?
False
Is 12889 prime?
True
Is 337153 composite?
False
Is 9511 composite?
False
Is 52909 a prime number?
False
Is 503441 a composite number?
False
Is 53673 prime?
False
Is 9767 a composite number?
False
Is 36991 prime?
False
Is 30619 composite?
True
Is 11611 prime?
False
Is 700361 prime?
True
Is 7273 prime?
False
Is 221779 prime?
False
Is 26759 a prime number?
True
Is 6421 a prime number?
True
Is 1707781 a prime number?
False
Is 913427 a prime number?
False
Is 354455 a prime number?
False
Is 2948917 prime?
True
Is 1663681 a composite number?
False
Is 130099 a composite number?
False
Is 37027 prime?
False
Is 662 a prime number?
False
Is 46337 a prime number?
True
Is 64471 composite?
True
Is 353959 composite?
True
Is 18839 prime?
True
Is 10219 a prime number?
False
Is 25241 a prime number?
False
Is 152249 composite?
False
Is 25819 a composite number?
False
Is 19567 prime?
False
Is 39453 a prime number?
False
Is 269201 a composite number?
False
Is 164309 prime?
True
Is 330121 composite?
True
Is 14479 a prime number?
True
Is 213629 a composite number?
True
Is 141101 a composite number?
False
Is 521087 composite?
True
Is 33547 a composite number?
False
Is 1898249 a composite number?
False
Is 202309 a composite number?
False
Is 869 prime?
False
Is 206177 composite?
False
Is 57487 a prime number?
True
Is 13367 composite?
False
Is 12071 composite?
False
Is 20371 prime?
False
Is 290761 composite?
False
Is 10427 a composite number?
False
Is 963479 prime?
False
Is 49783 composite?
False
Is 97649 composite?
False
Is 330266 a prime number?
False
Is 2651 a composite number?
True
Is 57433 prime?
False
Is 11513 prime?
False
Is 62609 a composite number?
True
Is 410889 a composite number?
True
Is 136303 a composite number?
False
Is 8639 prime?
False
Is 4896119 prime?
False
Is 1292237 a prime number?
True
Is 4391 a prime number?
True
Is 106283 prime?
False
Is 6599 a composite number?
False
Is 3616447 a composite number?
False
Is 11981 a composite number?
False
Is 64151 prime?
True
Is 53699 prime?
True
Is 12421 a composite number?
False
Is 11197 a composite number?
False
Is 193337 prime?
True
Is 11003 composite?
False
Is 53231 composite?
False
Is 376741 a prime number?
False
Is 142421 prime?
True
Is 31981 prime?
True
Is 1465 a composite number?
True
Is 18781 a prime number?
False
Is 135829 prime?
True
Is 19801 prime?
True
Is 53913 composite?
True
Is 77137 a composite number?
False
Is 5759 a composite number?
True
Is 9533 a prime number?
True
Is 14117 prime?
False
Is 100583 a prime number?
False
Is 1541 prime?
False
Is 728657 prime?
False
Is 8147 a composite number?
False
Is 7063 composite?
True
Is 2877007 prime?
False
Is 16139 a prime number?
True
Is 672197 a prime number?
False
Is 338183 a composite number?
False
Is 241771 prime?
True
Is 16183 a composite number?
False
Is 56939 composite?
True
Is 478189 composite?
False
Is 1904369 a composite number?
True
Is 20141 a composite number?
True
Is 156665 prime?
False
Is 4699 prime?
False
Is 721561 prime?
True
Is 97259 prime?
True
Is 899585 composite?
True
Is 54869 composite?
False
Is 55139 a composite number?
True
Is 16309 prime?
False
Is 14305 a prime number?
False
Is 1529129 prime?
False
Is 1033769 composite?
True
Is 170593 a composite number?
True
Is 12659 composite?
False
Is 952099 composite?
True
Is 1225901 prime?
False
Is 721717 a composite number?
True
Is 1302911 a composite number?
False
Is 119921 composite?
False
Is 35251 a prime number?
True
Is 27245 a composite number?
True
Is 20129 prime?
True
Is 241903 a composite number?
False
Is 16759 a composite number?
False
Is 12367 prime?
False
Is 923953 prime?
True
Is 30593 composite?
False
Is 2834587 prime?
False
Is 20849 composite?
False
Is 35857 a prime number?
False
Is 166949 composite?
False
Is 1039 a prime number?
True
Is 56755 prime?
False
Is 570673 composite?
True
Is 50977 a composite number?
True
Is 1709 a prime number?
True
Is 3563 composite?
True
Is 765689 a composite number?
True
Is 925307 a composite number?
False
Is 33213 a composite number?
True
Is 11113 a prime number?
True
Is 300619 composite?
True
Is 9017 a prime number?
False
Is 1499593 a prime number?
True
Is 17257 composite?
False
Is 17077 a composite number?
False
Is 623261 prime?
True
Is 356663 a composite number?
False
Is 9529 a prime number?
False
Is 28447 prime?
True
Is 126647 composite?
True
Is 274661 composite?
False
Is 153623 a prime number?
True
Is 4861 composite?
False
Is 3020869 a prime number?
True
Is 1901 a composite number?
False
Is 625477 a composite number?
False
Is 950681 a composite number?
False
Is 184589 composite?
True
Is 11611 a composite number?
True
Is 7009 a prime number?
False
Is 61261 composite?
False
Is 69683 prime?
False
Is 59921 composite?
False
Is 4373 composite?
False
Is 7321 prime?
True
Is 109259 a prime number?
False
Is 83113 a prime number?
False
Is 253987 prime?
True
Is 47723 a prime number?
False
Is 2267 composite?
False
Is 9617 composite?
True
Is 703 composite?
True
Is 1944413 composite?
True
Is 1285 prime?
False
Is 57637 composite?
False
Is 1407587 composite?
False
Is 25073 a composite number?
False
Is 287219 a composite number?
False
Is 11743 prime?
True
Is 474479 prime?
True
Is 20249 a composite number?
False
Is 3407 a prime number?
True
Is 49423 a prime number?
False
Is 36511 a prime number?
False
Is 167521 prime?
True
Is 270321 a prime number?
False
Is 23259 a prime number?
False
Is 65777 a composite number?
False
Is 171383 composite?
False
Is 27563 prime?
False
Is 8161 a prime number?
True
Is 91079 a prime number?
True
Is 331801 composite?
False
Is 9253 a prime number?
False
Is 6469 prime?
True
Is 4472101 composite?
False
Is 6383 composite?
True
Is 11091 a composite number?
True
Is 42979 a composite number?
False
Is 737 a prime number?
False
Is 2281 a prime number?
True
Is 109969 composite?
True
Is 13247 a composite number?
True
Is 3493 a prime number?
False
Is 3793 prime?
True
Is 6583 prime?
False
Is 125053 prime?
True
Is 46687 prime?
True
Is 875201 a composite number?
False
Is 20743 composite?
False
Is 18637 composite?
False
Is 5310863 a prime number?
True
Is 324877 prime?
False
Is 27031 composite?
False
Is 8251 a prime number?
False
Is 182563 a composite number?
True
Is 2974 a composite number?
True
Is 971 composite?
False
Is 49409 a prime number?
True
Is 922699 composite?
False
Is 52909 a prime number?
False
Is 8923 composite?
False
Is 26933 a prime number?
False
Is 19549 a prime number?
False
Is 1563 prime?
False
Is 44155 prime?
False
Is 6841 a prime number?
True
Is 149493 a prime number?
False
Is 25561 composite?
False
Is 14765 composite?
True
Is 413419 prime?
False
Is 15073 composite?
False
Is 43402 a prime number?
False
Is 9943 a prime number?
False
Is 1709 a composite number?
False
Is 214619 composite?
True
Is 44101 composite?
False
Is 132679 prime?
True
Is 578973 a composite number?
True
Is 2825699 a composite number?
True
Is 216803 a prime number?
True
Is 12499 prime?
False
Is 149374 a prime number?
False
Is 167605 a composite number?
True
Is 10133 composite?
False
Is 69469 a composite number?
True
Is 102761 a composite number?
False
Is 6709 composite?
False
Is 111577 composite?
False
Is 25257 composite?
True
Is 63185 composite?
True
Is 1973 a composite number?
False
Is 247831 a composite number?
True
Is 2788973 a prime number?
False
Is 5277 a prime number?
False
Is 84629 composite?
False
Is 28601 composite?
True
Is 36433 a composite number?
False
Is 6558085 prime?
False
Is 162577 prime?
True
Is 60983 a composite number?
True
Is 19607 prime?
False
Is 899 prime?
False
Is 131701 a prime number?
True
Is 6938 a composite number?
True
Is 341209 a composite number?
True
Is 717191 composite?
False
Is 76421 prime?
True
Is 33523 composite?
True
Is 347129 a composite number?
False
Is 5368